uppose x + 4*x + 5*g = 50, -p = -4*x + 2*g. Is (x - 110)*2/(-8) prime?
False
Let u = 21 + -20. Let p(m) = 6232*m**3 - 2*m**2 - m + 2. Let t be p(u). Suppose 0 = 6*l - t + 1041. Is l composite?
True
Suppose y - 2*y + 4 = 0. Let k be y/((9/6)/(9/6)). Suppose 236 + 350 = 2*q - 3*w, -k*q + 1172 = -2*w. Is q prime?
True
Let b be (6 - 22)/(-2) + -5 + 1. Let c(y) = 658*y**3 + 22*y**2 + 2*y - 5. Is c(b) composite?
False
Suppose -3*v = -0*v + 60. Let a be -7*5/v + 1/4. Suppose -a*o - 360 = -8330. Is o a composite number?
True
Let f = -288 + 34351. Is f prime?
False
Suppose -25*t + 1130912 = 7*t. Is t composite?
True
Suppose -2*f - 5*h = -h - 613842, 0 = 5*f - 2*h - 1534557. Is f composite?
False
Let v = 180 - 174. Let h(u) = 87*u**2 - 36*u + 163. Is h(v) a composite number?
False
Suppose 0 = -54*u + 16719680 + 2777290. Is u prime?
False
Let v = 8573 - 2394. Is v prime?
False
Let v = -162 + 195. Suppose -v*i = -7*i - 214838. Is i a composite number?
False
Let t(m) = m**2 + 2*m - 9. Let w be t(3). Suppose w*u - 93 = -81. Suppose 3*g - d = -4*d + 429, 131 = g - u*d. Is g composite?
False
Let q(k) = -k**3 + 7*k**2 + 3*k + 8. Let y be q(8). Let c = -39 - y. Is (c/(21/6))/(-2)*251 composite?
False
Suppose -q + k = 674, 2*q + k + 527 = -833. Let m = q + 2367. Is m a prime number?
False
Let s = 165 - 120. Suppose 4*v - 847 - s = 0. Is v a composite number?
False
Suppose 2*j - j = 0. Suppose l - 2*z - z - 2458 = j, 2*z = -l + 2458. Is l a prime number?
False
Let c = 547130 - 144743. Is c prime?
False
Let t(z) = 94*z + 449. Is t(20) prime?
False
Is 37572624/(-48)*2/(-6) composite?
False
Let k(c) = -21*c + 21. Let r(n) = 4*n - 4. Let w(u) = -4*k(u) - 22*r(u). Let a be w(4). Is (-6)/a + (-783)/(-6) a composite number?
False
Let j(q) = -q + 2. Let m(t) = 5*t**3 + 2*t**2 - 4*t + 3. Let k be m(1). Let h be j(k). Let o(r) = -167*r - 9. Is o(h) a composite number?
False
Let f = 197768 + -22675. Is f prime?
False
Suppose -21*x - 1697785 = -5423248. Is x prime?
False
Let v = 139 + -138. Is 3 - ((4 - 5545) + v) prime?
False
Let h(z) be the third derivative of -71*z**4/6 - 163*z**3/6 + 13*z**2. Is h(-28) composite?
False
Suppose -6*h + 42 - 6 = 0. Let n(l) = 28 - l + h*l - 45 + 6*l. Is n(12) composite?
True
Suppose -19*g = 784 - 993. Let i be 1 + -2 + 18048/1. Suppose g*m + 2856 = i. Is m a composite number?
False
Suppose -k + 13 = 2*k + 2*f, 0 = -2*f - 8. Let n(a) = -a**3 + 6*a**2 + 7*a + 2. Let q be n(k). Suppose -q*p + 52 = -86. Is p a prime number?
False
Let k be (-2)/24*-275159 + (-65)/(-780). Suppose -130*u = -140*u + k. Is u a prime number?
True
Let d(g) = -g**3 + 7*g**2 - 14*g + 23. Let r be d(5). Let f(o) be the first derivative of o**4/2 + o**3 - o**2/2 + 7*o + 5. Is f(r) a composite number?
True
Let s = -214 + 152. Let b = s + 56. Is (2463/b)/(2 - 25/10) prime?
True
Suppose -12*i + 9*i = -21. Suppose -i*n + 9*n = 8. Suppose -n*p - 393 = -2917. Is p prime?
True
Is ((-9)/(-3) - -55744) + 41/((-82)/12) a composite number?
True
Let b be (5/2)/(65/(-10) + 7). Suppose 0 = -4*u + 3*f + 6257 + 16559, -b*u + 4*f + 28521 = 0. Is u prime?
True
Let l be ((-482392)/51)/(6/(-9)). Suppose 4805 = 13*z - l. Is z prime?
False
Suppose -5*j + 4*f = -577011, 0 = 7*j - 12*f + 16*f - 807777. Is j a composite number?
False
Let d be -4*(-4)/72 - 32/(-18). Suppose 3*b + 1143 = -4*z, -368 = 3*b - d*b - 3*z. Let c = -166 - b. Is c composite?
False
Is (-4)/(-6) - (4704500/(-15) + -2) - -7 a composite number?
True
Let i = 5044 + -3114. Suppose -353*s + 356*s = -r + 11070, 5*s - 18454 = -3*r. Let f = s - i. Is f a composite number?
False
Suppose 5*v = 4*q - 4795, 3*q + 4*v - 3555 - 49 = 0. Suppose -5*t - j + 8254 = 0, -7805 = -4*t + j - q. Is t a composite number?
True
Let p(v) = -103*v - 60*v - 699*v - 313*v + 41. Is p(-6) composite?
True
Let j(y) = -y**3 - y**2 + 7*y - 3. Let l be j(-6). Is (-33418)/(-9) + (-15)/l a prime number?
False
Let s(y) = 3*y + 41. Let c be s(-13). Suppose -5*n + 15 = 0, 9*p + 126251 = 14*p + c*n. Is p a composite number?
True
Let b = -321917 + 538524. Is b prime?
True
Is (-7293232)/(-40)*(-12 - 319/(-22)) a composite number?
False
Let o(g) = 13 + 4*g**3 + 2*g + 25 - 13*g - 4*g**2 - 7 - 12*g**3. Is o(-10) composite?
False
Let l(x) = 3*x - 13. Let t be l(7). Suppose 0 = -z + 4*p - t*p + 3473, -p + 4 = 0. Is z composite?
False
Suppose 1 = 5*o - 5*n + 21, -4*o + 2*n - 20 = 0. Let p(v) be the first derivative of -5*v**4/4 + 2*v**3/3 - 13*v**2/2 - 3*v - 113. Is p(o) prime?
False
Let p(a) = 379*a**2 - 11*a - 2. Let r be p(-3). Suppose n - 697 = r. Is n composite?
False
Let h = -5397 - -2734. Let u(t) = -13*t**3 - 5*t**2 + 6*t - 2. Let x be u(5). Let b = x - h. Is b composite?
False
Suppose 0 = 2*k - 5*q - 5648, 30*k - q - 2830 = 29*k. Suppose -2*p - 3*l + k = 0, 3*l - 2862 = -2*p + 7*l. Is p prime?
True
Let o(c) = 2*c**2 + 8*c - 7. Let v be o(1). Suppose 0 = -5*r - 7*g + v*g + 38227, g = -2. Is r a composite number?
True
Suppose 9*d - 3*k - 4756362 = 0, 5*k + 528473 = d + 3*k. Is d composite?
False
Suppose 2*d - 5 - 3 = 0. Suppose -3*h + d*h + 114 = 0. Is (28/(-21))/(4/h) - 1 a composite number?
False
Suppose -20 = -5*u + 245. Let a(f) = -u + 34 - 6*f + 32 + 22. Is a(-26) a composite number?
False
Let j(r) = -189*r**3 + 33*r**2 - 11*r - 82. Is j(-9) composite?
True
Let h(a) = -6888*a + 25. Let b be h(-4). Let q = -3192 + b. Is q a prime number?
False
Let x = -528 - -526. Is x*((-32)/(-96))/(2/(-10821)) composite?
False
Let n = 351254 + -104439. Is n composite?
True
Let k be 1 - 7/((-1)/2*1). Let v be (-1)/(k/(-25))*(2 - -37). Let c = v + 46. Is c composite?
True
Suppose -4*r = -a + 17, r - 11 = -4*a - 2*r. Let j be (6/a)/((-36)/(-60)). Is j/(-8) + (-26745)/(-20) prime?
False
Suppose 66 = y - 3*l, -y = 2*l - 25 - 46. Suppose -y = -2*k - 39. Let q(z) = 2*z**3 - 17*z**2 + 8*z + 16. Is q(k) prime?
True
Suppose 3*f - 1982 = -4*s, 2*f + 1478 = 2*s + s. Suppose 64*n = 49*n - 5985. Let j = s - n. Is j prime?
False
Let t(u) = 1253*u**3 - 2*u**2 - 6*u + 4. Let x(w) = 627*w**3 - w**2 - 3*w + 2. Let g(d) = 4*t(d) - 7*x(d). Is g(3) a composite number?
True
Let u(j) = -99*j**3 + 18*j**2 + 88*j + 8. Is u(-7) composite?
False
Let h(w) = 46*w**3 + 5*w**2 - 6*w - 1. Let d be h(5). Suppose -d = 43*r - 46*r. Is (1 - (-2)/(-4))/(2/r) a composite number?
False
Suppose 11*g = 22*g - 11. Is (-1)/(g/(-476)*4) composite?
True
Is (-1 - (-172414 + 1)) + (-49 - -58) a prime number?
True
Let q(z) = 724*z + 3847. Is q(21) a prime number?
True
Is 13/(182/(-314251))*-14 prime?
False
Let y = -69725 - -173254. Is y a prime number?
True
Let h = 1026 + -619. Suppose 5*l + 5*j = 2055, -h = -2*l + l + 3*j. Is -3 + 0 + 11/(11/l) a composite number?
True
Suppose 233*u - 27846531 - 12005090 = 0. Is u composite?
True
Suppose -2*i = -15 - 9. Suppose 2*x + 9 - 3 = 2*a, -4*x - i = 4*a. Is -2 + a + 411*1 a prime number?
True
Suppose -i + 3*j = -2*j + 6, 0 = 3*i - j - 10. Suppose -2524 - 616 = -i*g. Is g prime?
False
Let s(x) = 249619*x - 4126. Is s(3) composite?
True
Suppose 5*r = 0, r - 3*r = -4*x - 100. Let m = x + 1386. Is m composite?
False
Let h(t) = 2588*t**3 + t + 2. Is h(5) a prime number?
True
Suppose 49236 = 3*y - 2*j, 5*y + 0*j - 82047 = -j. Let k = y + -8683. Is k prime?
True
Let v(q) = 265*q + 67. Suppose -7*o = o - 48. Is v(o) prime?
True
Let s(o) = -o**3 + 27*o**2 - 9*o - 20. Let m be s(11). Let z = m + -568. Is z prime?
True
Let g be (1 - 4)*(3 + (-35)/15). Is (-1728)/(-12) - (-1 - (-2)/g) composite?
True
Let c(b) = 11902*b**2 + 38*b + 17. Is c(5) a composite number?
False
Let q(h) = -331*h**3 + 72*h**2 + 33*h + 179. Is q(-17) a prime number?
True
Let l = -35237 + 72940. Is l a composite number?
True
Let s = -33 + 37. Suppose l - 4*r = 10, -2*l = s*r - 0*r + 4. Suppose -l*a + 10911 = 3013. Is a composite?
True
Let b(i) = -10538*i**3 - 2*i**2 + i + 2. Let l be b(-1). Suppose -3*h + 3*c = -c - l, -c = 1. Is h a composite number?
False
Suppose 4*r + 328826 = 2*g, -4*g - 458*r + 456*r = -657642. Is g prime?
False
Let s = 9 - -58. Suppose 208690 = -57*h + s*h. Is h prime?
False
Let v = -1 - -7. Let o(f) = 12*f**3 - 7*f**2 - 4*f + 17. Is o(v) a prime number?
True
Let d = 785809 - 489042. Is d prime?
True
Suppose -460 = -2*z - 440. Is z/10 - (6 - 19446) prime?
True
Let i(y) = -6203*y**3 - 5*y**2 - 81*y -